. What is c(-38)?
-61
Let k(h) = 8*h**2 - 29287*h + 842574. What is k(29)?
-21
Let t(r) = 120*r**2 - 3001*r + 37. Determine t(25).
12
Let x(u) = -4*u**2 + 10*u - 18. What is x(11)?
-392
Let t(m) = m**3 + 46*m**2 + 672*m + 33. What is t(-27)?
-4260
Let y(c) = 315*c**2 + 76857*c - 790. Give y(-244).
-58
Let d(y) = y**3 - 21*y**2 - 1990*y + 52202. Calculate d(36).
2
Let w(t) = 25895*t + 25862. Give w(-1).
-33
Let n(u) = 8*u**2 - 394*u - 44338. Give n(103).
-48
Let c(x) = -534*x - 5613. What is c(-10)?
-273
Let q(c) = -6*c**2 - 18*c + 96. Give q(4).
-72
Let t(u) = u**2 - 52*u - 67. Give t(50).
-167
Let m(l) = -2*l**3 - 116*l**2 + 123*l + 22. What is m(-59)?
-273
Let o(s) = 484*s - 32446. What is o(67)?
-18
Let y(g) = 379*g - 429779. What is y(1134)?
7
Let h(g) = -98*g + 9500. What is h(97)?
-6
Let j(i) = i**2 + 25*i - 6833. What is j(-95)?
-183
Let r(f) = f**2 - 4*f - 41. What is r(0)?
-41
Let p(j) = j**2 + 4215*j + 4032563. Give p(-1468).
-33
Let q(n) = 29*n**2 + 10643*n - 243. Give q(-367).
-243
Let z(d) = 20*d**2 + 985*d + 4418. Calculate z(-5).
-7
Let i(r) = 11*r**3 + r**2 + 36*r + 89. Give i(-3).
-307
Let c(z) = z**3 + 7*z**2 - 1109*z + 61. Determine c(30).
91
Let z(n) = 3*n**2 + 141*n + 1591. Calculate z(-53).
2545
Let h(l) = -6833*l**2 + 150326*l + 8. What is h(22)?
8
Let s(c) = -84*c**2 - 61463*c + 61463. Calculate s(1).
-84
Let z(q) = 68*q**2 - 617*q - 614. Determine z(-1).
71
Let w(c) = -6212*c + 99669. Calculate w(16).
277
Let r(q) = 356*q + 9. What is r(0)?
9
Let q(d) = -d**2 - 43352*d - 866637. Calculate q(-20).
3
Let c(b) = -10*b**2 + 2682*b + 4789. What is c(270)?
-71
Let m(o) = -7*o**2 + 906*o + 18098. What is m(147)?
17
Let h(t) = -7389*t + 590853. Calculate h(80).
-267
Let j(p) = -5*p**3 + 5*p**2 - 760*p + 2279. Calculate j(3).
-91
Let c(u) = 3*u**2 - 62343*u + 186999. What is c(3)?
-3
Let n(h) = -537*h + 6595. What is n(11)?
688
Let l(g) = g**2 + 555*g + 9126. Give l(-538).
-20
Let j(x) = 2*x**2 - 6338*x - 25371. Give j(-4).
13
Let h(s) = -1935*s + 148981. Determine h(77).
-14
Let q(j) = j**2 + 9*j - 1644. Give q(-23).
-1322
Let g(v) = -315662*v - 10416869. Give g(-33).
-23
Let i(h) = h**2 - 655*h + 30252. What is i(52)?
-1104
Let v(j) = 616*j - 123815. Give v(200).
-615
Let o(u) = 187*u**2 - 1006*u - 714. Calculate o(6).
-18
Let b(g) = 569*g - 17668. Determine b(31).
-29
Let p(l) = 1737*l - 8616. What is p(4)?
-1668
Let d(t) = -1018*t + 6408. Determine d(6).
300
Let q(x) = x**3 - 83*x**2 - 57*x - 2311. Give q(84).
-43
Let u(a) = -a**3 - 72*a**2 - 273*a + 7926. Determine u(-66).
-192
Let o(r) = -6*r**3 + 338*r**2 + 269*r - 2323. Give o(57).
14
Let m(c) = 9907*c + 108820. Calculate m(-11).
-157
Let g(p) = 1297*p + 66032. Calculate g(-51).
-115
Let l(f) = -2*f**3 + 20*f**2 + 3964*f - 35825. Give l(9).
13
Let a(x) = x**3 - 61*x**2 - 955*x - 473. Determine a(74).
45
Let i(u) = -178*u**2 - 53*u + 20. Give i(1).
-211
Let l(a) = a**3 + 168*a**2 - 3031*a - 558259. Determine l(-166).
-1
Let p(o) = -51*o**2 - 995*o - 2168. Calculate p(-17).
8
Let c(a) = 79*a**2 + 10840*a - 8520. Determine c(-138).
36
Let o(q) = -22705*q - 1566609. Calculate o(-69).
36
Let w(x) = x**2 + 181*x + 253. What is w(-180)?
73
Let c(k) = -2*k**3 + 320*k**2 - 2730*k + 1813. What is c(151)?
1
Let s(z) = -z**3 - 45*z**2 - 148*z + 2379. Calculate s(-10).
359
Let s(i) = 247*i - 874. Give s(-2).
-1368
Let p(i) = 4*i**3 + 9*i**2 - 38. Calculate p(7).
1775
Let k(x) = -187*x + 12516. Calculate k(67).
-13
Let m(h) = 420*h + 45394. Calculate m(-105).
1294
Let j(s) = -14*s**2 - 4*s + 99. Calculate j(7).
-615
Let i(x) = -123*x + 187. What is i(2)?
-59
Let k(s) = 691*s + 9003. Calculate k(-13).
20
Let t(a) = -a**3 + 486*a**2 + 9074*a - 996. What is t(504)?
12
Let b(g) = -5593*g - 11905. Calculate b(-2).
-719
Let z(a) = 2458*a - 204030. What is z(83)?
-16
Let w(l) = -13*l**2 + 996*l + 201669. What is w(-92)?
5
Let l(k) = -3*k**2 + 664*k - 30522. Determine l(65).
-37
Let u(g) = -3*g**3 + 723*g**2 - 10180*g + 122. Give u(15).
-28
Let y(q) = 115*q**2 + 14*q - 4. Determine y(4).
1892
Let r(v) = -36*v**2 + 32604*v + 43539. Give r(907).
3
Let b(g) = -1659*g + 316883. Give b(191).
14
Let b(g) = -2148*g + 4141. Give b(1).
1993
Let l(q) = -20*q**2 + 1934*q + 4534. Determine l(99).
-20
Let u(o) = -12656*o - 63370. Calculate u(-5).
-90
Let n(l) = -4*l**2 - 71*l + 612. Give n(12).
-816
Let z(v) = 10*v**2 - 1557*v - 20116. Give z(-12).
8
Let c(j) = -9691*j - 106121. What is c(-11)?
480
Let r(b) = 3*b**3 + 13*b**2 - 30*b - 137. Calculate r(-3).
-11
Let v(j) = -2*j**2 + 865*j - 46234. What is v(370)?
16
Let p(k) = -309818*k + 929443. Determine p(3).
-11
Let v(h) = 3*h**3 - 50*h**2 - 264*h + 4459. Give v(17).
260
Let j(p) = -p**3 + 99*p**2 + 5379*p + 363. Give j(138).
-51
Let p(m) = -18*m**3 + 4875*m**2 + 752*m + 16525. Calculate p(271).
-6
Let v(m) = -11300*m + 576293. Give v(51).
-7
Let z(v) = -229*v + 10439. Give z(44).
363
Let f(l) = 7*l**3 + 39*l**2 - 13*l + 11. Calculate f(-6).
-19
Let y(g) = 9*g**2 + 279*g - 14092. Calculate y(-58).
2
Let a(c) = 8*c**2 - 145*c + 325. Calculate a(1).
188
Let f(u) = -u**3 + 214*u**2 + 4048*u + 29698. Give f(232).
2
Let l(n) = -2*n**3 + 6*n**2 + 23*n - 43. Determine l(5).
-28
Let h(g) = -117728*g + 117736. What is h(1)?
8
Let m(g) = -5*g**2 + 55*g + 1308. What is m(-12)?
-72
Let d(h) = 1631*h + 52062. What is d(-32)?
-130
Let i(v) = 5*v**3 + 224*v**2 - 18868*v - 338. Calculate i(43).
49
Let m(j) = 2*j**3 + 383*j**2 - 1562*j - 4. What is m(4)?
4
Let q(k) = 2*k**3 - 8*k**2 - 1277*k + 844. Calculate q(27).
-101
Let t(w) = -49*w**3 + 293*w**2 + 11*w - 2. What is t(6)?
28
Let v(i) = 2*i**2 + 522*i + 18359. Calculate v(-220).
319
Let c(n) = 233957*n + 4211027. Determine c(-18).
-199
Let j(x) = 231*x**3 - 2773*x**2 + 56*x - 563. Calculate j(12).
-35
Let t(o) = -9*o**2 - 721*o - 721. What is t(-1)?
-9
Let i(s) = -2*s**2 - 237*s + 7728. Give i(-141).
1383
Let d(c) = -1832*c - 115448. What is d(-63)?
-32
Let u(q) = -8892*q**2 + 79990*q + 343. Determine u(9).
1
Let u(c) = -125*c + 14143. Give u(114).
-107
Let x(h) = -4*h**3 - 4*h**2 - 21*h + 67. What is x(2)?
-23
Let p(b) = 150*b**2 + 176*b - 17. Calculate p(-2).
231
Let l(q) = -12283*q - 159795. Give l(-13).
-116
Let h(n) = -5*n**3 - 64*n**2 + 191*n + 14. Calculate h(3).
-124
Let f(b) = 2580*b - 21193. Determine f(8).
-553
Let b(u) = 4*u**2 - 85*u - 727. What is b(-7)?
64
Let c(j) = 2*j**3 - 745*j**2 + 33612*j - 3848. Calculate c(320).
-8
Let s(h) = -1164*h + 216427. Calculate s(186).
-77
Let x(n) = n**2 + 263*n + 9121. Determine x(-38).
571
Let r(a) = 4*a**3 + a**2 + 5904*a + 59. Give r(0).
59
Let m(t) = -t**2 - 73954*t - 1035155. Calculate m(-14).
5
Let g(f) = -51*f**2 + 28091*f - 22550. Determine g(550).
0
Let k(w) = -w**2 - 176*w - 4685. Determine k(-143).
34
Let i(f) = -f**2 + 43*f - 169. What is i(15)?
251
Let v(l) = -12*l**3 - 164*l**2 + 176*l + 338. Determine v(-1).
10
Let w(u) = 2*u**2 - 134*u - 829. Determine w(-7).
207
Let a(w) = w**2 - 5725*w - 91871. Calculate a(-16).
-15
Let p(b) = -240*b - 2415. Calculate p(-5).
-1215
Let y(a) = 404*a - 3412. Give y(1).
-3008
Let r(z) = -1753*z + 54353. Give r(31).
10
Let s(b) = 4*b**3 + 249*b**2 + 31*b - 1927. What is s(-62)?
-5
Let j(s) = 2*s**2 + 321*s + 6581. Give j(-24).
29
Let v(u) = 16*u**3 - 46*u**2 + 236*u - 49. What is v(4)?
1183
Let n(j) = -7*j**3 + 68*j**2 - 18*j - 58. Determine n(9).
185
Let c(r) = 11*r**2 - 972*r + 1425. Determine c(87).
120
Let r(i) = -i**3 - 26*i**2 - 27*i - 68. Calculate r(-25).
-18
Let r(u) = 1629*u + 731437. Give r(-449).
16
Let z(l) = 101*l**2 + 15175*l + 59088. What is z(-4)?
4
Let r(t) = -25*t**2 - 308*t + 208. What is r(-13)?
-13
Let o(j) = 7*j**2 - 903*j + 24196. Determine o(91).
-10
Let u(l) = -l**3 - 88*l**2 - 674*l - 17. Calculate u(-8).
255
Let t(d) = -d**3 - 12*d**2 + 258*d + 2359. Calculate t(-8).
39
Let z(m) = 2*m**2 - 126*m - 8478. Give z(100).
-1078
Let b(n) = 14100*n**2 + 1790701*n + 156. What is b(-127)?
29
Let b(h) = -h**3 + 156*h**2 - 483*h + 3625. What is b(153)?
-47
Let v(g) = -2580*g + 12571. Determine v(5).
-329
Let p(l) = -30*l**2 - 959*l - 3059. Calculate p(-4).
297
Let v(k) = -k**3 - 634*k**2 - 61243*k + 21611. Determine v(-515).
-19
Let z(b) = b**3 - 17*b**2 - 2669*b + 35362. Determine z(13).
-11
Let q(